{"id":2685,"date":"2024-03-27T11:47:47","date_gmt":"2024-03-27T14:47:47","guid":{"rendered":"https:\/\/cbrc.com.ar\/v3\/?page_id=2685"},"modified":"2024-03-27T11:48:08","modified_gmt":"2024-03-27T14:48:08","slug":"boletin-mensual-marzo-2023","status":"publish","type":"page","link":"https:\/\/cbrc.com.ar\/v3\/boletin-mensual-marzo-2023\/","title":{"rendered":"Bolet\u00edn Mensual Marzo 2024"},"content":{"rendered":"<p>Bolet\u00edn Mensual Marzo 2024<\/p>\n<p>Efem\u00e9rides<\/p>\n<p>24 de Marzo D\u00eda Mundial de la Tuberculosis<\/p>\n<p>Columna:\u00a0<span class=\"OYPEnA text-decoration-none text-strikethrough-none\">Dra. Dom\u00ednguez Luciana<\/span><\/p>\n<p class=\"cvGsUA direction-ltr align-justify para-style-body\"><span class=\"OYPEnA text-decoration-none text-strikethrough-none\">Medica MP 34281<\/span><\/p>\n<p class=\"cvGsUA direction-ltr align-justify para-style-body\"><span class=\"OYPEnA text-decoration-none text-strikethrough-none\">Secci\u00f3n Infectolog\u00eda NHRC San Antonio de Padua<\/span><\/p>\n<p class=\"cvGsUA direction-ltr align-justify para-style-body\"><span class=\"OYPEnA text-decoration-none text-strikethrough-none\">Integrante de Comit\u00e9 de Tuberculosis<\/span><\/p>\n<p>https:\/\/cbrc.com.ar\/v3\/wp-content\/uploads\/2024\/03\/BOLETIN-MENSUAL-1.pdf<\/p>\n<a href=\"https:\/\/cbrc.com.ar\/v3\/wp-content\/uploads\/2024\/03\/BOLETIN-MENSUAL-1.pdf\" class=\"pdfemb-viewer\" style=\"\" data-width=\"max\" data-height=\"max\" data-toolbar=\"bottom\" data-toolbar-fixed=\"off\">BOLETIN MENSUAL (1)<\/a>\n","protected":false},"excerpt":{"rendered":"<p>Bolet\u00edn Mensual Marzo 2024 Efem\u00e9rides 24 de Marzo D\u00eda Mundial de la Tuberculosis Columna:\u00a0Dra. Dom\u00ednguez Luciana Medica MP 34281 Secci\u00f3n Infectolog\u00eda NHRC San Antonio de Padua Integrante de Comit\u00e9 de Tuberculosis https:\/\/cbrc.com.ar\/v3\/wp-content\/uploads\/2024\/03\/BOLETIN-MENSUAL-1.pdf<\/p>\n","protected":false},"author":5,"featured_media":2687,"parent":0,"menu_order":0,"comment_status":"closed","ping_status":"closed","template":"","meta":{"_acf_changed":false,"site-sidebar-layout":"default","site-content-layout":"","ast-site-content-layout":"default","site-content-style":"default","site-sidebar-style":"default","ast-global-header-display":"","ast-banner-title-visibility":"","ast-main-header-display":"","ast-hfb-above-header-display":"","ast-hfb-below-header-display":"","ast-hfb-mobile-header-display":"","site-post-title":"","ast-breadcrumbs-content":"","ast-featured-img":"","footer-sml-layout":"","ast-disable-related-posts":"","theme-transparent-header-meta":"default","adv-header-id-meta":"","stick-header-meta":"","header-above-stick-meta":"","header-main-stick-meta":"","header-below-stick-meta":"","astra-migrate-meta-layouts":"set","ast-page-background-enabled":"default","ast-page-background-meta":{"desktop":{"background-color":"var(--ast-global-color-4)","background-image":"","background-repeat":"repeat","background-position":"center center","background-size":"auto","background-attachment":"scroll","background-type":"","background-media":"","overlay-type":"","overlay-color":"","overlay-opacity":"","overlay-gradient":""},"tablet":{"background-color":"","background-image":"","background-repeat":"repeat","background-position":"center center","background-size":"auto","background-attachment":"scroll","background-type":"","background-media":"","overlay-type":"","overlay-color":"","overlay-opacity":"","overlay-gradient":""},"mobile":{"background-color":"","background-image":"","background-repeat":"repeat","background-position":"center center","background-size":"auto","background-attachment":"scroll","background-type":"","background-media":"","overlay-type":"","overlay-color":"","overlay-opacity":"","overlay-gradient":""}},"ast-content-background-meta":{"desktop":{"background-color":"var(--ast-global-color-5)","background-image":"","background-repeat":"repeat","background-position":"center center","background-size":"auto","background-attachment":"scroll","background-type":"","background-media":"","overlay-type":"","overlay-color":"","overlay-opacity":"","overlay-gradient":""},"tablet":{"background-color":"var(--ast-global-color-5)","background-image":"","background-repeat":"repeat","background-position":"center center","background-size":"auto","background-attachment":"scroll","background-type":"","background-media":"","overlay-type":"","overlay-color":"","overlay-opacity":"","overlay-gradient":""},"mobile":{"background-color":"var(--ast-global-color-5)","background-image":"","background-repeat":"repeat","background-position":"center center","background-size":"auto","background-attachment":"scroll","background-type":"","background-media":"","overlay-type":"","overlay-color":"","overlay-opacity":"","overlay-gradient":""}},"footnotes":""},"class_list":["post-2685","page","type-page","status-publish","has-post-thumbnail","hentry"],"acf":[],"_links":{"self":[{"href":"https:\/\/cbrc.com.ar\/v3\/wp-json\/wp\/v2\/pages\/2685","targetHints":{"allow":["GET"]}}],"collection":[{"href":"https:\/\/cbrc.com.ar\/v3\/wp-json\/wp\/v2\/pages"}],"about":[{"href":"https:\/\/cbrc.com.ar\/v3\/wp-json\/wp\/v2\/types\/page"}],"author":[{"embeddable":true,"href":"https:\/\/cbrc.com.ar\/v3\/wp-json\/wp\/v2\/users\/5"}],"replies":[{"embeddable":true,"href":"https:\/\/cbrc.com.ar\/v3\/wp-json\/wp\/v2\/comments?post=2685"}],"version-history":[{"count":2,"href":"https:\/\/cbrc.com.ar\/v3\/wp-json\/wp\/v2\/pages\/2685\/revisions"}],"predecessor-version":[{"id":2689,"href":"https:\/\/cbrc.com.ar\/v3\/wp-json\/wp\/v2\/pages\/2685\/revisions\/2689"}],"wp:featuredmedia":[{"embeddable":true,"href":"https:\/\/cbrc.com.ar\/v3\/wp-json\/wp\/v2\/media\/2687"}],"wp:attachment":[{"href":"https:\/\/cbrc.com.ar\/v3\/wp-json\/wp\/v2\/media?parent=2685"}],"curies":[{"name":"wp","href":"https:\/\/api.w.org\/{rel}","templated":true}]}}